{"id":79,"date":"2019-11-18T19:24:49","date_gmt":"2019-11-18T19:24:49","guid":{"rendered":"https:\/\/karlsro.nu\/?page_id=79"},"modified":"2026-08-25T12:46:15","modified_gmt":"2026-08-25T11:46:15","slug":"tradkramarna-onsdagar","status":"publish","type":"page","link":"https:\/\/karlsro.nu\/?page_id=79","title":{"rendered":"Tr\u00e4dkramarna (onsdagar)"},"content":{"rendered":"\n<p class=\"wp-block-paragraph\">Sp\u00e5raravdelningen Tr\u00e4dkramarna har m\u00f6ten p\u00e5 onsdagar kl 18-19:30, och vi tr\u00e4ffas vid Scoutg\u00e5rden i Uller\u00e5ker om inte annat anges. Oavsett vad som st\u00e5r p\u00e5 programmet kan vi komma att vara helt eller delvis ute, s\u00e5 se alltid till att vara kl\u00e4dd f\u00f6r utem\u00f6te.  <\/p>\n\n\n\n<p class=\"wp-block-paragraph\"><\/p>\n\n\n\n<p class=\"wp-block-paragraph\"><\/p>\n\n\n\n<p class=\"wp-block-paragraph\">Ledare:<\/p>\n\n\n\n<ul class=\"wp-block-list\">\n<li><a href=\"mailto:aasalindell@yahoo.se\">\u00c5sa Lindell<\/a> <a href=\"tel:070-7321403\">070-7321403<\/a> (Avdelningsansvarig)<\/li>\n\n\n\n<li>Mats &#8221;Fille&#8221; Elmeskog<\/li>\n\n\n\n<li>Chilli Lindell<\/li>\n\n\n\n<li>Anna Carlqvist<\/li>\n\n\n\n<li>Therese Vegerfors<\/li>\n\n\n\n<li>John Ettemo<\/li>\n\n\n\n<li>Ute Heinamann<\/li>\n\n\n\n<li>Lo Eli Stibe Molin (\u00c4ventyrarscout)<\/li>\n\n\n\n<li>Murri Falk<\/li>\n\n\n\n<li>Silas \u00c5slund (\u00c4ventyrarscout)<\/li>\n<\/ul>\n\n\n\n<p class=\"wp-block-paragraph\"><strong>HT 26<\/strong><\/p>\n\n\n\n<p class=\"wp-block-paragraph\">H\u00f6stterminen b\u00f6rjar onsdag 2 september<\/p>\n\n\n\n<figure class=\"wp-block-table\"><table class=\"has-fixed-layout\"><tbody><tr><td><\/td><td>Datum<\/td><td>Aktivitet<\/td><td>Plats \/ info<\/td><td>Ansvarig ledare<\/td><\/tr><tr><td><\/td><td>2\/9<\/td><td>Terminsstart<br>l\u00e4ra k\u00e4nna varandra<br><strong>F\u00f6r\u00e4ldram\u00f6te <\/strong><\/td><td>Scoutg\u00e5rden<br>Ute<\/td><td>\u00c5sa, Murri<\/td><\/tr><tr><td><\/td><td>9\/9<\/td><td>Paddla<br>Mer info kommer p\u00e5 mail<\/td><td>Eklonsn\u00e4s <br><\/td><td>Anna<\/td><\/tr><tr><td><\/td><td>16\/9<\/td><td>Surra<\/td><td>Scoutg\u00e5rden<br>Ute<\/td><td>Fille<\/td><\/tr><tr><td><\/td><td>23\/9<\/td><td>Elda<\/td><td>Scoutg\u00e5rden<br>Ute<\/td><td>Anna<\/td><\/tr><tr><td><\/td><td>30\/9<\/td><td>Hantverk<br>Granar och s\u00f6ljor<\/td><td>Scoutg\u00e5rden<br>Inne nere<\/td><td>\u00c5sa<\/td><\/tr><tr><td><\/td><td><strong>L\u00f6rdag 3\/10 &#8211; s\u00f6ndag 4\/10<\/strong><\/td><td>Hajk<br>Mer info kommer p\u00e5 mail<\/td><td>Dragontorpet<\/td><td>Ledarna<\/td><\/tr><tr><td><\/td><td>7\/10<\/td><td>Sjukv\u00e5rd<\/td><td>Scoutg\u00e5rden<br>Inne uppe<\/td><td>Fille<\/td><\/tr><tr><td><\/td><td><strong>S\u00f6ndag 11\/10<\/strong><\/td><td>K\u00e5rst\u00e4mma<\/td><td>Scoutg\u00e5rden<br><\/td><td>Styrelsen<\/td><\/tr><tr><td><\/td><td>14\/10<\/td><td>Matlagning p\u00e5 Trangiak\u00f6k<\/td><td>Scoutg\u00e5rden<br>Ute<\/td><td>Murri<\/td><\/tr><tr><td><\/td><td>21\/10<\/td><td>Fotogenlyktor<\/td><td>Scoutg\u00e5rden<br>Ute<\/td><td>Murri<\/td><\/tr><tr><td><\/td><td><strong>28\/10<\/strong><\/td><td>H\u00f6stlov<\/td><td><\/td><td><\/td><\/tr><tr><td><\/td><td>4\/11<\/td><td>Hantverk<br>K\u00e5sor och paracord<\/td><td>Scoutg\u00e5rden<br>Inne uppe<\/td><td>\u00c5sa, Chilli<\/td><\/tr><tr><td><\/td><td>11\/11<\/td><td>M\u00f6rker<\/td><td>Scoutg\u00e5rden<br>Ute<\/td><td>Fille och Silas<\/td><\/tr><tr><td><\/td><td>18\/11<\/td><td>F\u00e5gelmatare<\/td><td>Scoutg\u00e5rden<br>Inne nere<\/td><td>Ute och Therese<\/td><\/tr><tr><td><\/td><td>25\/11<\/td><td>Knopar<\/td><td>Scoutg\u00e5rden<br>Inne uppe<\/td><td>Fille och Therese<\/td><\/tr><tr><td><\/td><td><strong>L\u00f6rdag 28\/11<\/strong><\/td><td>Vi deltar i kommunens julmarknad i Uller\u00e5ker<br>Mer info kommer<\/td><td>Hospitalstr\u00e4dg\u00e5rden<br>Ute<\/td><td>\u00c5sa<\/td><\/tr><tr><td><\/td><td>2\/12<\/td><td>L\u00e4gereld och pinnbr\u00f6d<\/td><td>Scoutg\u00e5rden<br>Ute<\/td><td><\/td><\/tr><tr><td><\/td><td><strong>S\u00f6ndag 6\/12<\/strong><\/td><td>K\u00e5rens gemensamma julavslutning <\/td><td>Scoutg\u00e5rden<br>Ute\/inne<\/td><td>K\u00e5ren<\/td><\/tr><tr><td><\/td><td>9\/12<\/td><td>Tr\u00e4dkramarnas egna julavslutning<\/td><td>Scoutg\u00e5rden<br>Inne nere<\/td><td>\u00c5sa och Fille<\/td><\/tr><tr><td><\/td><td><\/td><td><\/td><td><\/td><td><\/td><\/tr><tr><td><\/td><td><\/td><td><\/td><td><\/td><td><\/td><\/tr><tr><td><\/td><td><\/td><td><\/td><td><\/td><td><\/td><\/tr><tr><td><\/td><td><\/td><td><\/td><td><\/td><td><\/td><\/tr><tr><td><\/td><td><br><\/td><td><\/td><td><\/td><td><\/td><\/tr><tr><td><\/td><td><\/td><td><\/td><td><\/td><td><\/td><\/tr><tr><td><\/td><td><\/td><td><\/td><td><\/td><td><\/td><\/tr><tr><td><\/td><td><\/td><td><\/td><td><\/td><td><\/td><\/tr><\/tbody><\/table><\/figure>\n","protected":false},"excerpt":{"rendered":"<p>Sp\u00e5raravdelningen Tr\u00e4dkramarna har m\u00f6ten p\u00e5 onsdagar kl 18-19:30, och vi tr\u00e4ffas vid Scoutg\u00e5rden i Uller\u00e5ker om inte annat anges. Oavsett vad som st\u00e5r p\u00e5 programmet kan vi komma att vara helt eller delvis ute, s\u00e5 se alltid till att vara kl\u00e4dd f\u00f6r utem\u00f6te. Ledare: HT 26 H\u00f6stterminen b\u00f6rjar onsdag 2 september Datum Aktivitet Plats \/ [&hellip;]<\/p>\n","protected":false},"author":1,"featured_media":0,"parent":69,"menu_order":2,"comment_status":"closed","ping_status":"closed","template":"","meta":{"site-sidebar-layout":"default","site-content-layout":"default","ast-site-content-layout":"default","site-content-style":"default","site-sidebar-style":"default","ast-global-header-display":"","ast-banner-title-visibility":"","ast-main-header-display":"","ast-hfb-above-header-display":"","ast-hfb-below-header-display":"","ast-hfb-mobile-header-display":"","site-post-title":"","ast-breadcrumbs-content":"","ast-featured-img":"","footer-sml-layout":"","ast-disable-related-posts":"","theme-transparent-header-meta":"default","adv-header-id-meta":"","stick-header-meta":"","header-above-stick-meta":"","header-main-stick-meta":"","header-below-stick-meta":"","astra-migrate-meta-layouts":"set","ast-page-background-enabled":"default","ast-page-background-meta":{"desktop":{"background-color":"","background-image":"","background-repeat":"repeat","background-position":"center center","background-size":"auto","background-attachment":"scroll","background-type":"","background-media":"","overlay-type":"","overlay-color":"","overlay-opacity":"","overlay-gradient":""},"tablet":{"background-color":"","background-image":"","background-repeat":"repeat","background-position":"center center","background-size":"auto","background-attachment":"scroll","background-type":"","background-media":"","overlay-type":"","overlay-color":"","overlay-opacity":"","overlay-gradient":""},"mobile":{"background-color":"","background-image":"","background-repeat":"repeat","background-position":"center center","background-size":"auto","background-attachment":"scroll","background-type":"","background-media":"","overlay-type":"","overlay-color":"","overlay-opacity":"","overlay-gradient":""}},"ast-content-background-meta":{"desktop":{"background-color":"var(--ast-global-color-5)","background-image":"","background-repeat":"repeat","background-position":"center center","background-size":"auto","background-attachment":"scroll","background-type":"","background-media":"","overlay-type":"","overlay-color":"","overlay-opacity":"","overlay-gradient":""},"tablet":{"background-color":"var(--ast-global-color-5)","background-image":"","background-repeat":"repeat","background-position":"center center","background-size":"auto","background-attachment":"scroll","background-type":"","background-media":"","overlay-type":"","overlay-color":"","overlay-opacity":"","overlay-gradient":""},"mobile":{"background-color":"var(--ast-global-color-5)","background-image":"","background-repeat":"repeat","background-position":"center center","background-size":"auto","background-attachment":"scroll","background-type":"","background-media":"","overlay-type":"","overlay-color":"","overlay-opacity":"","overlay-gradient":""}},"footnotes":""},"class_list":["post-79","page","type-page","status-publish","hentry"],"_links":{"self":[{"href":"https:\/\/karlsro.nu\/index.php?rest_route=\/wp\/v2\/pages\/79","targetHints":{"allow":["GET"]}}],"collection":[{"href":"https:\/\/karlsro.nu\/index.php?rest_route=\/wp\/v2\/pages"}],"about":[{"href":"https:\/\/karlsro.nu\/index.php?rest_route=\/wp\/v2\/types\/page"}],"author":[{"embeddable":true,"href":"https:\/\/karlsro.nu\/index.php?rest_route=\/wp\/v2\/users\/1"}],"replies":[{"embeddable":true,"href":"https:\/\/karlsro.nu\/index.php?rest_route=%2Fwp%2Fv2%2Fcomments&post=79"}],"version-history":[{"count":119,"href":"https:\/\/karlsro.nu\/index.php?rest_route=\/wp\/v2\/pages\/79\/revisions"}],"predecessor-version":[{"id":5467,"href":"https:\/\/karlsro.nu\/index.php?rest_route=\/wp\/v2\/pages\/79\/revisions\/5467"}],"up":[{"embeddable":true,"href":"https:\/\/karlsro.nu\/index.php?rest_route=\/wp\/v2\/pages\/69"}],"wp:attachment":[{"href":"https:\/\/karlsro.nu\/index.php?rest_route=%2Fwp%2Fv2%2Fmedia&parent=79"}],"curies":[{"name":"wp","href":"https:\/\/api.w.org\/{rel}","templated":true}]}}

Trädkramarna (onsdagar)

<p class="wp-block-paragraph">Spåraravdelningen Trädkramarna har möten på onsdagar kl 18-19:30, och vi träffas vid Scoutgården i Ulleråker om inte annat anges. Oavsett vad som står på programmet kan vi komma att vara helt eller delvis ute, så se alltid till att vara klädd för utemöte.  </p>



<p class="wp-block-paragraph"></p>



<p class="wp-block-paragraph"></p>



<p class="wp-block-paragraph">Ledare:</p>



<ul class="wp-block-list">
<li><a href="mailto:aasalindell@yahoo.se">Åsa Lindell</a> <a href="tel:070-7321403">070-7321403</a> (Avdelningsansvarig)</li>



<li>Mats &#8221;Fille&#8221; Elmeskog</li>



<li>Chilli Lindell</li>



<li>Anna Carlqvist</li>



<li>Therese Vegerfors</li>



<li>John Ettemo</li>



<li>Ute Heinamann</li>



<li>Lo Eli Stibe Molin (Äventyrarscout)</li>



<li>Murri Falk</li>



<li>Silas Åslund (Äventyrarscout)</li>
</ul>



<p class="wp-block-paragraph"><strong>HT 26</strong></p>



<p class="wp-block-paragraph">Höstterminen börjar onsdag 2 september</p>



<figure class="wp-block-table"><table class="has-fixed-layout"><tbody><tr><td></td><td>Datum</td><td>Aktivitet</td><td>Plats / info</td><td>Ansvarig ledare</td></tr><tr><td></td><td>2/9</td><td>Terminsstart<br>lära känna varandra<br><strong>Föräldramöte </strong></td><td>Scoutgården<br>Ute</td><td>Åsa, Murri</td></tr><tr><td></td><td>9/9</td><td>Paddla<br>Mer info kommer på mail</td><td>Eklonsnäs <br></td><td>Anna</td></tr><tr><td></td><td>16/9</td><td>Surra</td><td>Scoutgården<br>Ute</td><td>Fille</td></tr><tr><td></td><td>23/9</td><td>Elda</td><td>Scoutgården<br>Ute</td><td>Anna</td></tr><tr><td></td><td>30/9</td><td>Hantverk<br>Granar och söljor</td><td>Scoutgården<br>Inne nere</td><td>Åsa</td></tr><tr><td></td><td><strong>Lördag 3/10 &#8211; söndag 4/10</strong></td><td>Hajk<br>Mer info kommer på mail</td><td>Dragontorpet</td><td>Ledarna</td></tr><tr><td></td><td>7/10</td><td>Sjukvård</td><td>Scoutgården<br>Inne uppe</td><td>Fille</td></tr><tr><td></td><td><strong>Söndag 11/10</strong></td><td>Kårstämma</td><td>Scoutgården<br></td><td>Styrelsen</td></tr><tr><td></td><td>14/10</td><td>Matlagning på Trangiakök</td><td>Scoutgården<br>Ute</td><td>Murri</td></tr><tr><td></td><td>21/10</td><td>Fotogenlyktor</td><td>Scoutgården<br>Ute</td><td>Murri</td></tr><tr><td></td><td><strong>28/10</strong></td><td>Höstlov</td><td></td><td></td></tr><tr><td></td><td>4/11</td><td>Hantverk<br>Kåsor och paracord</td><td>Scoutgården<br>Inne uppe</td><td>Åsa, Chilli</td></tr><tr><td></td><td>11/11</td><td>Mörker</td><td>Scoutgården<br>Ute</td><td>Fille och Silas</td></tr><tr><td></td><td>18/11</td><td>Fågelmatare</td><td>Scoutgården<br>Inne nere</td><td>Ute och Therese</td></tr><tr><td></td><td>25/11</td><td>Knopar</td><td>Scoutgården<br>Inne uppe</td><td>Fille och Therese</td></tr><tr><td></td><td><strong>Lördag 28/11</strong></td><td>Vi deltar i kommunens julmarknad i Ulleråker<br>Mer info kommer</td><td>Hospitalsträdgården<br>Ute</td><td>Åsa</td></tr><tr><td></td><td>2/12</td><td>Lägereld och pinnbröd</td><td>Scoutgården<br>Ute</td><td></td></tr><tr><td></td><td><strong>Söndag 6/12</strong></td><td>Kårens gemensamma julavslutning </td><td>Scoutgården<br>Ute/inne</td><td>Kåren</td></tr><tr><td></td><td>9/12</td><td>Trädkramarnas egna julavslutning</td><td>Scoutgården<br>Inne nere</td><td>Åsa och Fille</td></tr><tr><td></td><td></td><td></td><td></td><td></td></tr><tr><td></td><td></td><td></td><td></td><td></td></tr><tr><td></td><td></td><td></td><td></td><td></td></tr><tr><td></td><td></td><td></td><td></td><td></td></tr><tr><td></td><td><br></td><td></td><td></td><td></td></tr><tr><td></td><td></td><td></td><td></td><td></td></tr><tr><td></td><td></td><td></td><td></td><td></td></tr><tr><td></td><td></td><td></td><td></td><td></td></tr></tbody></table></figure>

<p>Spåraravdelningen Trädkramarna har möten på onsdagar kl 18-19:30, och vi träffas vid Scoutgården i Ulleråker om inte annat anges. Oavsett vad som står på programmet kan vi komma att vara helt eller delvis ute, så se alltid till att vara klädd för utemöte. Ledare: HT 26 Höstterminen börjar onsdag 2 september Datum Aktivitet Plats / [&hellip;]</p>
