{"id":568,"date":"2020-08-31T20:17:52","date_gmt":"2020-08-31T19:17:52","guid":{"rendered":"https:\/\/karlsro.nu\/?page_id=568"},"modified":"2025-10-21T00:12:40","modified_gmt":"2025-10-20T23:12:40","slug":"kalendarium","status":"publish","type":"page","link":"https:\/\/karlsro.nu\/?page_id=568","title":{"rendered":"Kalendarium"},"content":{"rendered":"\n<p><strong>Kalendarium f\u00f6r Karlsro scoutk\u00e5r 2025 &#8211; 2026<\/strong><\/p>\n\n\n\n<p><strong>K\u00e5rgemensamma aktivteter \/ distriktsaktiviteter<\/strong><\/p>\n\n\n\n<figure class=\"wp-block-table\"><table class=\"has-fixed-layout\"><tbody><tr><td><strong>Aktivitet<\/strong><\/td><td><strong>Datum<\/strong><\/td><td><strong>Kommentar<\/strong><\/td><\/tr><tr><td>ledarupptakt<\/td><td>17\/8<\/td><td><\/td><\/tr><tr><td>stadsskogens dag<\/td><td>31\/8<\/td><td>anm tom 26\/8<\/td><\/tr><tr><td><\/td><td><\/td><td><\/td><\/tr><tr><td>KO-tr\u00e4ff<\/td><td>8\/9<\/td><td><\/td><\/tr><tr><td>sambo-m\u00f6te<\/td><td>10\/9<\/td><td><\/td><\/tr><tr><td>H\u00f6sthornet<\/td><td>20\/9<\/td><td><\/td><\/tr><tr><td>&nbsp;<\/td><td>&nbsp;<\/td><td>&nbsp;<\/td><\/tr><tr><td>Luffarhajken<\/td><td>4\/10<\/td><td><\/td><\/tr><tr><td>&nbsp;<\/td><td>&nbsp;<\/td><td>&nbsp;<\/td><\/tr><tr><td>K\u00e5rst\u00e4mma<\/td><td>12\/10<\/td><td><\/td><\/tr><tr><td><em>Handlingar ut<\/em><\/td><td><em>1\/10<\/em><\/td><td><em>10 dagar f\u00f6re KS<\/em><\/td><\/tr><tr><td><em>Motioner in<\/em><\/td><td><em>21\/9<\/em><\/td><td><em>3 v f\u00f6re<\/em><\/td><\/tr><tr><td><em>Kallelse KS<\/em><\/td><td><em>14\/9<\/em><\/td><td><em>4 v f\u00f6re<\/em><\/td><\/tr><tr><td><\/td><td><\/td><td><\/td><\/tr><tr><td>Ansv.ledare-tr\u00e4ff<\/td><td>&nbsp;<\/td><td><\/td><\/tr><tr><td><\/td><td><\/td><td><\/td><\/tr><tr><td>Upplandskurserna<\/td><td>8-9\/11<\/td><td><\/td><\/tr><tr><td>Julmarknad<\/td><td>29\/11<\/td><td><\/td><\/tr><tr><td>&nbsp;<\/td><td>&nbsp;<\/td><td>&nbsp;<\/td><\/tr><tr><td>Julavslutning<\/td><td>7\/12<\/td><td><\/td><\/tr><tr><td><\/td><td><\/td><td><\/td><\/tr><tr><td>ledarupptakt<\/td><td>11\/1<\/td><td><\/td><\/tr><\/tbody><\/table><\/figure>\n\n\n\n<p><\/p>\n\n\n\n<p><strong>Ansvariga k\u00e5rer -25<\/strong><br>Distriktsst\u00e4mman &nbsp; &nbsp; &nbsp; Knivsta<br>Miniatyret &amp; Uppt\u00e4cktsresan&nbsp; &nbsp; Enk\u00f6ping<br>H\u00f6sthornet &nbsp; &nbsp; &nbsp; &nbsp; &nbsp; &nbsp; &nbsp; &nbsp; &nbsp; &nbsp; &nbsp; &nbsp; &nbsp; \u00c4rentuna<br>Luffarhajken &nbsp; &nbsp; &nbsp; &nbsp; &nbsp; &nbsp; &nbsp; &nbsp; &nbsp; &nbsp; &nbsp; &nbsp; Svartb\u00e4cken<\/p>\n\n\n\n<p><em>Se \u00e4ven <\/em><a href=\"http:\/\/scouterna.se\/scout%C3%A4ventyr\/kalender\"><em>scouterna.se\/scout\u00e4ventyr\/kalender<\/em><\/a><em>&nbsp;och Scouternas nyhetsbrev<\/em><\/p>\n\n\n\n<p><strong>Scouternas digitala workshops ht 2025<\/strong><\/p>\n\n\n\n<figure class=\"wp-block-table\"><table class=\"has-fixed-layout\"><tbody><tr><td><strong>Tema<\/strong><\/td><td><strong>Datum<\/strong><\/td><\/tr><tr><td><a href=\"https:\/\/www.scouterna.se\/evenemangskalender\/digital-workshop-2\/digital-ledartraff-lattare-administration-med-google-workspace\/\">L\u00e4ttare administration med Google Workspace<\/a><\/td><td>On 17\/9<\/td><\/tr><tr><td><a href=\"https:\/\/www.scouterna.se\/evenemangskalender\/digital-workshop-2\/digital-ledartraff-grunderna-i-scoutnet\/\">Grunderna i scoutnet<\/a><\/td><td>M\u00e5 22\/9<\/td><\/tr><tr><td><a href=\"https:\/\/www.scouterna.se\/evenemangskalender\/digital-workshop-2\/digital-ledartraff-patrullsystemet-hur-far-vi-till-det\/\">Patrullsystemet hur f\u00e5r vi till det?<\/a><\/td><td>Ti 30\/9<\/td><\/tr><tr><td><a href=\"https:\/\/www.scouterna.se\/evenemangskalender\/digital-workshop-2\/digital-ledartraff-gemenskap-utmaningar-och-nasta-steg\/\">Nystartad k\u00e5r &#8211; Gemenskap utmaningar och n\u00e4sta steg<\/a><\/td><td>On 15\/10<\/td><\/tr><tr><td><a href=\"https:\/\/www.scouterna.se\/evenemangskalender\/digital-workshop-2\/digital-ledartraff-hur-far-vi-styrelsearbetet-att-rulla-latt\/\">Hur f\u00e5r vi styrelsearbetet att rulla l\u00e4tt<\/a><\/td><td>Ti 21\/10<\/td><\/tr><\/tbody><\/table><\/figure>\n\n\n\n<p><strong>Styrelsem\u00f6ten<\/strong><\/p>\n\n\n\n<figure class=\"wp-block-table\"><table class=\"has-fixed-layout\"><tbody><tr><td><strong>Datum<\/strong>&nbsp;<\/td><td><strong>Typ av m\u00f6te<\/strong>&nbsp;<\/td><td><strong>Plats<\/strong>&nbsp;<\/td><\/tr><tr><td>4\/9 19:00&nbsp;<\/td><td>Styrelsem\u00f6te&nbsp;<\/td><td>Scoutg\u00e5rden&nbsp;<\/td><\/tr><tr><td>22\/9 20:00&nbsp;<\/td><td>Styrelseavst\u00e4mning&nbsp;<\/td><td>Digitalt&nbsp;<\/td><\/tr><tr><td>9\/10 19:00&nbsp;<\/td><td>Styrelsem\u00f6te&nbsp;<\/td><td>Scoutg\u00e5rden&nbsp;<\/td><\/tr><tr><td><strong>12\/10<\/strong><\/td><td><strong>K\u00c5RST\u00c4MMA<\/strong><\/td><td><\/td><\/tr><tr><td>23\/10 19:00\u00a0<\/td><td>Styrelsem\u00f6te&nbsp;<\/td><td>Scoutg\u00e5rden&nbsp;<\/td><\/tr><tr><td>12\/11 20:00&nbsp;<\/td><td>Styrelseavst\u00e4mning&nbsp;<\/td><td>Digitalt&nbsp;<\/td><\/tr><tr><td>1\/12 19:00&nbsp;<\/td><td>Styrelsem\u00f6te&nbsp;<\/td><td>Scoutg\u00e5rden&nbsp;<\/td><\/tr><tr><td>8\/1 20:00&nbsp;<\/td><td>Styrelseavst\u00e4mning&nbsp;<\/td><td>Digitalt&nbsp;<\/td><\/tr><\/tbody><\/table><\/figure>\n","protected":false},"excerpt":{"rendered":"<p>Kalendarium f\u00f6r Karlsro scoutk\u00e5r 2025 &#8211; 2026 K\u00e5rgemensamma aktivteter \/ distriktsaktiviteter Aktivitet Datum Kommentar ledarupptakt 17\/8 stadsskogens dag 31\/8 anm tom 26\/8 KO-tr\u00e4ff 8\/9 sambo-m\u00f6te 10\/9 H\u00f6sthornet 20\/9 &nbsp; &nbsp; &nbsp; Luffarhajken 4\/10 &nbsp; &nbsp; &nbsp; K\u00e5rst\u00e4mma 12\/10 Handlingar ut 1\/10 10 dagar f\u00f6re KS Motioner in 21\/9 3 v f\u00f6re Kallelse KS 14\/9 4 [&hellip;]<\/p>\n","protected":false},"author":1,"featured_media":0,"parent":0,"menu_order":2,"comment_status":"closed","ping_status":"closed","template":"","meta":{"site-sidebar-layout":"default","site-content-layout":"default","ast-site-content-layout":"default","site-content-style":"default","site-sidebar-style":"default","ast-global-header-display":"","ast-banner-title-visibility":"","ast-main-header-display":"","ast-hfb-above-header-display":"","ast-hfb-below-header-display":"","ast-hfb-mobile-header-display":"","site-post-title":"","ast-breadcrumbs-content":"","ast-featured-img":"","footer-sml-layout":"","ast-disable-related-posts":"","theme-transparent-header-meta":"default","adv-header-id-meta":"","stick-header-meta":"","header-above-stick-meta":"","header-main-stick-meta":"","header-below-stick-meta":"","astra-migrate-meta-layouts":"set","ast-page-background-enabled":"default","ast-page-background-meta":{"desktop":{"background-color":"","background-image":"","background-repeat":"repeat","background-position":"center center","background-size":"auto","background-attachment":"scroll","background-type":"","background-media":"","overlay-type":"","overlay-color":"","overlay-opacity":"","overlay-gradient":""},"tablet":{"background-color":"","background-image":"","background-repeat":"repeat","background-position":"center center","background-size":"auto","background-attachment":"scroll","background-type":"","background-media":"","overlay-type":"","overlay-color":"","overlay-opacity":"","overlay-gradient":""},"mobile":{"background-color":"","background-image":"","background-repeat":"repeat","background-position":"center center","background-size":"auto","background-attachment":"scroll","background-type":"","background-media":"","overlay-type":"","overlay-color":"","overlay-opacity":"","overlay-gradient":""}},"ast-content-background-meta":{"desktop":{"background-color":"var(--ast-global-color-5)","background-image":"","background-repeat":"repeat","background-position":"center center","background-size":"auto","background-attachment":"scroll","background-type":"","background-media":"","overlay-type":"","overlay-color":"","overlay-opacity":"","overlay-gradient":""},"tablet":{"background-color":"var(--ast-global-color-5)","background-image":"","background-repeat":"repeat","background-position":"center center","background-size":"auto","background-attachment":"scroll","background-type":"","background-media":"","overlay-type":"","overlay-color":"","overlay-opacity":"","overlay-gradient":""},"mobile":{"background-color":"var(--ast-global-color-5)","background-image":"","background-repeat":"repeat","background-position":"center center","background-size":"auto","background-attachment":"scroll","background-type":"","background-media":"","overlay-type":"","overlay-color":"","overlay-opacity":"","overlay-gradient":""}},"footnotes":""},"class_list":["post-568","page","type-page","status-publish","hentry"],"_links":{"self":[{"href":"https:\/\/karlsro.nu\/index.php?rest_route=\/wp\/v2\/pages\/568","targetHints":{"allow":["GET"]}}],"collection":[{"href":"https:\/\/karlsro.nu\/index.php?rest_route=\/wp\/v2\/pages"}],"about":[{"href":"https:\/\/karlsro.nu\/index.php?rest_route=\/wp\/v2\/types\/page"}],"author":[{"embeddable":true,"href":"https:\/\/karlsro.nu\/index.php?rest_route=\/wp\/v2\/users\/1"}],"replies":[{"embeddable":true,"href":"https:\/\/karlsro.nu\/index.php?rest_route=%2Fwp%2Fv2%2Fcomments&post=568"}],"version-history":[{"count":56,"href":"https:\/\/karlsro.nu\/index.php?rest_route=\/wp\/v2\/pages\/568\/revisions"}],"predecessor-version":[{"id":4877,"href":"https:\/\/karlsro.nu\/index.php?rest_route=\/wp\/v2\/pages\/568\/revisions\/4877"}],"wp:attachment":[{"href":"https:\/\/karlsro.nu\/index.php?rest_route=%2Fwp%2Fv2%2Fmedia&parent=568"}],"curies":[{"name":"wp","href":"https:\/\/api.w.org\/{rel}","templated":true}]}}